{"id":134,"date":"2023-09-10T19:10:19","date_gmt":"2023-09-10T16:10:19","guid":{"rendered":"https:\/\/koiranaattori.fi\/?page_id=134"},"modified":"2026-04-05T18:16:15","modified_gmt":"2026-04-05T15:16:15","slug":"hinnasto","status":"publish","type":"page","link":"https:\/\/koiranaattori.fi\/index.php\/hinnasto\/","title":{"rendered":"Hinnasto"},"content":{"rendered":"\n<p>Hoidon sis\u00e4lt\u00f6 m\u00e4\u00e4r\u00e4ytyy aina koiran tarpeen mukaan. K\u00e4ytett\u00e4v\u00e4 aika ja menetelm\u00e4t valitaan tilanteen perusteella.<\/p>\n\n\n\n<p>Hoidon kesto ei ole sidottu tarkkaan aikaan, vaan se muotoutuu koiran mukaan.<\/p>\n\n\n\n<p>P\u00e4\u00e4s\u00e4\u00e4nt\u00f6isesti k\u00e4sittely on noin tunnin mittainen. Ensimm\u00e4inen k\u00e4ynti kest\u00e4\u00e4 usein hieman pidemp\u00e4\u00e4n, koska alussa k\u00e4yd\u00e4\u00e4n l\u00e4pi esitiedot.<\/p>\n\n\n\n<h3 class=\"wp-block-heading\"><strong>Hoito (koirahieronta \/ O.T.E. Hieronta)<\/strong><\/h3>\n\n\n\n<ul>\n<li>Ensik\u00e4ynti (uudet asiakkaat): 40 \u20ac<\/li>\n\n\n\n<li>Seuraavat k\u00e4ynnit: 45 \u20ac<\/li>\n\n\n\n<li>Saman k\u00e4ynnin toinen tai kolmas koira: 40 \u20ac<\/li>\n<\/ul>\n\n\n\n<p>(Sis\u00e4lt\u00e4\u00e4 koirahieronnan tai O.T.E. Hieronnan sek\u00e4 havainnoinnin.)<\/p>\n\n\n\n<p>Hinnat ovat hoitokertakohtaisia \u2013 eiv\u00e4t tuntitaksoja.<\/p>\n\n\n\n<h3 class=\"wp-block-heading\"><strong>Laserhoito<\/strong><\/h3>\n\n\n\n<ul>\n<li>20 \u20ac \/ 20 min k\u00e4sittely<\/li>\n<\/ul>\n","protected":false},"excerpt":{"rendered":"<p>Hoidon sis\u00e4lt\u00f6 m\u00e4\u00e4r\u00e4ytyy aina koiran tarpeen mukaan. K\u00e4ytett\u00e4v\u00e4 aika ja menetelm\u00e4t valitaan tilanteen perusteella. Hoidon kesto ei ole sidottu tarkkaan aikaan, vaan se muotoutuu koiran mukaan. P\u00e4\u00e4s\u00e4\u00e4nt\u00f6isesti k\u00e4sittely on noin tunnin mittainen. Ensimm\u00e4inen k\u00e4ynti kest\u00e4\u00e4 usein hieman pidemp\u00e4\u00e4n, koska alussa k\u00e4yd\u00e4\u00e4n l\u00e4pi esitiedot. Hoito (koirahieronta \/ O.T.E. Hieronta) (Sis\u00e4lt\u00e4\u00e4 koirahieronnan tai O.T.E. Hieronnan sek\u00e4 havainnoinnin.) &hellip; <\/p>\n<p class=\"link-more\"><a href=\"https:\/\/koiranaattori.fi\/index.php\/hinnasto\/\" class=\"more-link\">Jatka lukemista<span class=\"screen-reader-text\"> &#8221;Hinnasto&#8221;<\/span><\/a><\/p>\n","protected":false},"author":1,"featured_media":0,"parent":0,"menu_order":0,"comment_status":"closed","ping_status":"closed","template":"","meta":{"footnotes":""},"_links":{"self":[{"href":"https:\/\/koiranaattori.fi\/index.php\/wp-json\/wp\/v2\/pages\/134"}],"collection":[{"href":"https:\/\/koiranaattori.fi\/index.php\/wp-json\/wp\/v2\/pages"}],"about":[{"href":"https:\/\/koiranaattori.fi\/index.php\/wp-json\/wp\/v2\/types\/page"}],"author":[{"embeddable":true,"href":"https:\/\/koiranaattori.fi\/index.php\/wp-json\/wp\/v2\/users\/1"}],"replies":[{"embeddable":true,"href":"https:\/\/koiranaattori.fi\/index.php\/wp-json\/wp\/v2\/comments?post=134"}],"version-history":[{"count":10,"href":"https:\/\/koiranaattori.fi\/index.php\/wp-json\/wp\/v2\/pages\/134\/revisions"}],"predecessor-version":[{"id":384,"href":"https:\/\/koiranaattori.fi\/index.php\/wp-json\/wp\/v2\/pages\/134\/revisions\/384"}],"wp:attachment":[{"href":"https:\/\/koiranaattori.fi\/index.php\/wp-json\/wp\/v2\/media?parent=134"}],"curies":[{"name":"wp","href":"https:\/\/api.w.org\/{rel}","templated":true}]}}